
True
Is 1016 a factor of 2999232?
True
Is 30799 even?
False
Does 36 divide 1215324?
True
Is 321574 even?
True
Is 86830 a multiple of 2?
True
Is 1848840 a multiple of 168?
True
Is 787719 a multiple of 102?
False
Does 3 divide 22289?
False
Does 1917 divide 299523?
False
Does 98 divide 261808?
False
Is 357 a factor of 65776?
False
Is 3 a factor of 44562?
True
Is 726 a factor of 119064?
True
Does 12 divide 154344?
True
Is 8550576 a multiple of 108?
True
Does 121 divide 97327?
False
Is 249 a factor of 68318?
False
Is 8 a factor of 301476?
False
Is 341 a factor of 129780?
False
Is 184 a factor of 83536?
True
Is 109 a factor of 11124324?
False
Does 120 divide 218760?
True
Is 148944 a multiple of 107?
True
Is 85 a factor of 163414?
False
Is 6 a factor of 166159?
False
Does 10 divide 4169?
False
Does 10 divide 66419?
False
Does 10 divide 141020?
True
Is 14627 a multiple of 7?
False
Is 39 a factor of 1680198?
True
Does 8 divide 37684?
False
Does 621 divide 17318691?
False
Does 681 divide 6205272?
True
Does 6 divide 30462?
True
Is 311646 a multiple of 210?
False
Is 48 a factor of 282768?
True
Is 110490 a multiple of 82?
False
Does 170 divide 150161?
False
Does 647 divide 1268767?
True
Is 1844549 a multiple of 2?
False
Does 65 divide 355782?
False
Does 101 divide 343250?
False
Is 151 a factor of 1458596?
False
Is 4759715 a multiple of 5?
True
Is 420464 a multiple of 441?
False
Is 578815 a multiple of 221?
False
Does 1372 divide 18524744?
True
Does 4 divide 4256507?
False
Is 1344293 a multiple of 87?
False
Is 24 a factor of 23274805?
False
Is 77554 a multiple of 8?
False
Is 34062 a multiple of 7?
True
Does 129 divide 211463?
False
Is 17 a factor of 405308?
False
Is 9854550 a multiple of 2154?
True
Is 14 a factor of 1247330?
True
Does 7 divide 9640904?
True
Is 500912 a multiple of 14?
False
Is 84 a factor of 82320?
True
Is 8 a factor of 11240?
True
Is 212877 a multiple of 109?
True
Is 72 a factor of 116352?
True
Is 15 a factor of 3829209?
False
Does 4 divide 5106?
False
Is 1283 a factor of 2252632?
False
Does 9 divide 103725?
True
Is 14 a factor of 7906500?
True
Is 518 a factor of 987826?
True
Is 169 a factor of 210360?
False
Is 59495 a multiple of 89?
False
Is 90 a factor of 9481090?
False
Does 654 divide 6821220?
True
Is 472263 a multiple of 121?
True
Is 747540 a multiple of 112?
False
Does 14 divide 3923023?
False
Is 18988866 a multiple of 114?
True
Is 130 a factor of 4425104?
False
Does 232 divide 630336?
False
Does 443 divide 6232567?
True
Is 36 a factor of 519264?
True
Does 72 divide 1593618?
False
Does 63 divide 3016334?
False
Is 447876 a multiple of 234?
True
Is 271673 a multiple of 107?
True
Is 2295 a factor of 24092910?
True
Is 66151 a multiple of 15?
False
Is 1562968 a multiple of 88?
True
Does 30 divide 18856617?
False
Is 758 a factor of 292588?
True
Does 4 divide 1921144?
True
Does 38 divide 4349062?
True
Is 382239 a multiple of 22?
False
Is 22 a factor of 329252?
True
Is 192 a factor of 636672?
True
Is 136036 a multiple of 176?
False
Is 84320 a multiple of 160?
True
Does 169 divide 3864016?
True
Is 270477 a multiple of 29?
False
Is 3265645 a multiple of 69?
False
Does 14 divide 22992?
False
Does 182 divide 125398?
True
Is 230135 a multiple of 28?
False
Does 66 divide 340668?
False
Is 36690 a multiple of 3?
True
Is 334 a factor of 15637212?
True
Is 785058 a multiple of 42?
False
Is 84363 a multiple of 279?
False
Is 101 a factor of 2398649?
True
Is 55043 a multiple of 62?
False
Is 1670136 a multiple of 689?
True
Does 242 divide 3057912?
True
Does 76 divide 1589807?
False
Is 77 a factor of 2403717?
False
Is 689246 a multiple of 215?
False
Is 164 a factor of 5123196?
True
Is 775310 a multiple of 305?
True
Is 273123 a multiple of 9?
True
Does 109 divide 12788?
False
Is 747 a factor of 124749?
True
Is 54 a factor of 386310?
False
Is 14710164 a multiple of 64?
False
Does 164 divide 840364?
False
Is 33584485 a multiple of 35?
False
Is 10903 a multiple of 15?
False
Is 17750 a multiple of 250?
True
Is 144 a factor of 1291392?
True
Does 305 divide 8985910?
True
Is 281 a factor of 834851?
True
Is 2262 a multiple of 3?
True
Is 33 a factor of 621820?
False
Does 84 divide 81900?
True
Is 1182 a factor of 1408944?
True
Is 122 a factor of 707859?
False
Is 31 a factor of 69254?
True
Is 59904 a multiple of 117?
True
Is 314637 a multiple of 12?
False
Does 968 divide 1464719?
False
Is 106 a factor of 3252292?
True
Does 7 divide 728049?
True
Is 786382 a multiple of 10?
False
Does 20 divide 30340?
True
Is 617 a factor of 426964?
True
Does 109 divide 94469?
False
Does 319 divide 171622?
True
Is 44 a factor of 1371304?
True
Does 61 divide 569923?
True
Is 36 a factor of 3243840?
False
Is 118992 a multiple of 222?
True
Is 1482815 a multiple of 254?
False
Is 193 a factor of 169261?
True
Is 177 a factor of 482325?
True
Does 76 divide 126996?
True
Is 183 a factor of 1548912?
True
Is 12423 a multiple of 101?
True
Is 274 a factor of 975884?
False
Is 479 a factor of 1445847?
False
Is 485 a factor of 1670723?
False
Is 18 a factor of 4896076?
False
Is 104 a factor of 51350?
False
Is 2834409 a multiple of 190?
False
Is 48 a factor of 2012640?
True
Does 10 divide 20992255?
False
Is 9 a factor of 39177?
True
Is 748121 a multiple of 10?
False
Does 41 divide 147664?
False
Does 63 divide 120771?
True
Does 10 divide 578030?
True
Is 18921 a multiple of 21?
True
Is 852 a factor of 4052112?
True
Is 3 a factor of 62465?
False
Is 90681 a multiple of 501?
True
Does 738 divide 1310735?
False
Is 10 a factor of 1077470?
True
Is 782 a factor of 1421676?
True
Is 1021928 a multiple of 139?
True
Does 12 divide 43467?
False
Does 16 divide 963801?
False
Is 22 a factor of 159104?
True
Does 66 divide 71478?
True
Does 11 divide 433193?
False
Is 159 a factor of 1214601?
True
Is 1846075 a multiple of 5?
True
Is 176 a factor of 439648?
True
Does 33 divide 39806?
False
Is 64 a factor of 9966877?
False
Is 85 a factor of 224014?
False
Is 15 a factor of 10226912?
False
Does 23 divide 550746?
False
Does 1060 divide 5128280?
True
Is 2 a factor of 7963?
False
Is 6055 a multiple of 2?
False
Does 1745 divide 4435790?
True
Is 13355676 a multiple of 942?
True
Does 78 divide 4614090?
True
Does 34 divide 5416540?
True
Does 632 divide 3362872?
True
Is 20 a factor of 295276?
False
Does 38 divide 280397?
False
Is 324 a factor of 672624?
True
Is 5704022 a multiple of 21?
False
Is 5 a factor of 90187?
False
Is 14 a factor of 608846?
True
Does 54 divide 1904472?
True
Does 113 divide 456253?
False
Is 506184 a multiple of 92?
True
Is 74 a factor of 126466?
True
Is 6746641 a multiple of 26?
False
Does 92 divide 5627272?
True
Does 25 divide 11591350?
True
Is 311 a factor of 577506?
False
Does 28 divide 3583972?
True
Is 737 a multiple of 6?
False
Is 8 a factor of 228192?
True
Does 198 divide 402617?
False
Is 102 a factor of 4028578?
False
Does 109 divide 227460?
False
Does 853 divide 140745?
True
Is 8223848 a multiple of 67?
True
Is 218368 a multiple of 611?
False
Is 13 a factor of 214695?
True
Is 72360 a multiple of 54?
True
Is 111 a factor of 837991?
False
Is 11016585 a multiple of 8?
False
Is 22775 a multiple of 5?
True
Is 9 a factor of 6339987?
True
Is 17695564 a multiple of 1868?
True
Is 31 a factor of 196184?
False
Is 14 a factor of 186078?
False
Is 1173030 a multiple of 183?
True
Is 12 a factor of 25055979?
False
Does 469 divide 432469?
False
Is 9249512 a multiple of 1294?
True
Is 48 a factor of 13384622?
False
Is 141 a factor of 568726?
False
Does 14 divide 31990?
True
Does 36 divide 9288?
True
Is 4 a factor of 226924?
True
Is 1745419 a multiple of 6?
False
Is 86 a factor of 1414000?
False
Is 10 a factor of 2608787?
False
Is 11782646 a multiple of 23?
False
Is 22 a factor of 167439?
False
Is 255105 a multiple of 487?
False
Is 181 a factor of 1670534?
False
Is 294 a factor of 77028?
True
Is 227 a factor of 41314?
True
Does 86 divide 98900?
True
Is 30 a factor of 94590?
True
Is 15 a factor of 75825?
True
Does 3 divide 180585?
True
Is 16 a factor of 90304?
True
Is 10606464 a multiple of 384?
True
Is 920225 a multiple of 379?
False
Is 213 a factor of 22896?
False
Is 217 a factor of 722729?
False
Is 478 a factor of 346550?
True
Is 181818 a multiple of 27?
True
Does 167 divide 1132260?
True
Is 330 a factor of 434836?
Fals